?
87a3
1102500020 (base 6) to base 11
6790851
Convert -275d (base 16) to base 7.
-41244
What is 10100101010101000 (base 2) in base 12?
40ba0
What is 2109e4 (base 16) in base 2?
1000010000100111100100
What is 5692147 (base 11) in base 10?
9958714
What is -38ccd4 (base 14) in base 12?
-7a4122
Convert 1784103 (base 11) to base 5.
1233141434
What is 7305714 (base 8) in base 13?
52a478
What is -38146c (base 13) in base 14?
-2703d0
Convert 3331443 (base 5) to base 15.
12468
Convert 100100001010000111000101 (base 2) to base 8.
44120705
What is -19cab0 (base 14) in base 13?
-262174
a3ab99 (base 12) to base 10
2569509
What is -22092 (base 10) in base 11?
-15664
4145590 (base 10) to base 4
33310012312
What is 14044541 (base 7) in base 11?
811838
161a916 (base 12) to base 14
858882
Convert -459396 (base 14) to base 4.
-21002110120
Convert -1362344 (base 7) to base 3.
-100022111102
242138 (base 11) to base 6
12115230
What is 3927 (base 11) in base 16?
13f7
Convert 74134 (base 9) to base 2.
1011111100111011
626603 (base 7) to base 10
107999
What is 221103303 (base 5) in base 9?
1717313
Convert 12113121131 (base 4) to base 11.
a3a7a1
Convert 111644 (base 12) to base 11.
176576
What is 4114160 (base 8) in base 6?
35151104
What is 1b552b (base 16) in base 13?
4a9435
Convert -50040 (base 6) to base 3.
-22220220
What is -ca2a08 (base 16) in base 12?
-452b320
-81bb65 (base 12) to base 13
-561c05
-111065a (base 11) to base 13
-5328b7
Convert -10415255 (base 6) to base 3.
-120221001222
Convert -122443440 (base 5) to base 4.
-2100323110
What is 4031123103 (base 5) in base 3?
120011212020002
Convert -3501472 (base 8) to base 2.
-11101000001100111010
16234170 (base 8) to base 11
2131489
What is -313441003 (base 5) in base 4?
-11000110003
Convert 1012144 (base 8) to base 3.
111120202101
Convert -1729 (base 13) to base 3.
-11200111
Convert -11332202020 (base 4) to base 9.
-2847281
What is 14f884 (base 16) in base 12?
563404
2156a4b (base 12) to base 8
30127533
What is 1425233 (base 9) in base 6?
24452220
Convert -1101100101010001000 (base 2) to base 13.
-127769
-515599 (base 10) to base 4
-1331320033
-1215352 (base 6) to base 14
-19832
-1020232433 (base 5) to base 11
-1217205
What is -1010110010110111100010 (base 2) in base 14?
-5393a2
-1c67c (base 13) to base 4
-31223222
-45d80 (base 15) to base 4
-312103110
Convert -76a068 (base 12) to base 2.
-111001011110111010000
5215b0 (base 16) to base 3
101010022021220
-101011000111011101 (base 2) to base 11
-110760
What is -114051133 (base 7) in base 12?
-2450281
-3610a (base 16) to base 7
-1611425
Convert 199854 (base 10) to base 2.
110000110010101110
What is -1243410 (base 8) in base 10?
-345864
What is 1002418 (base 9) in base 12?
218708
334032334 (base 5) to base 14
2a40d3
13d212 (base 16) to base 6
43501414
Convert -9e600 (base 15) to base 5.
-112113400
What is -30223544 (base 6) in base 7?
-10204546
What is 59825 (base 11) in base 8?
250243
What is 15312402 (base 6) in base 9?
1010512
Convert 4c4d0 (base 15) to base 16.
3b97f
What is 23ca3 (base 16) in base 12?
70a03
-6a3442 (base 11) to base 2
-100010000110000110111
Convert 36b25 (base 12) to base 13.
279cb
What is -5225445 (base 9) in base 2?
-1010101001101111110011
What is 318371 (base 13) in base 16?
11b5a7
1a1459 (base 11) to base 4
1023201130
Convert 1362440 (base 7) to base 8.
546132
What is -787a8 (base 12) in base 8?
-470560
What is -27b333 (base 14) in base 6?
-45251253
-1c8554 (base 13) to base 3
-1101012211012
-1368180 (base 10) to base 4
-11032001310
What is 12350d (base 16) in base 15?
188839
What is 6358c (base 14) in base 16?
3a8d8
Convert 10110001001010111 (base 2) to base 15.
1bd26
-1415531 (base 9) to base 11
-491804
Convert 626a79 (base 12) to base 15.
2082b0
-1085267 (base 11) to base 2
-111001110110011101011
Convert -ce06c0 (base 15) to base 14.
-1439a32
-10011110100110101101 (base 2) to base 8
-2364655
3674736 (base 10) to base 8
16011160
Convert 1100010110111001101 (base 2) to base 10.
404941
-471b80 (base 14) to base 5
-1110101340
Convert 41000 (base 8) to base 3.
212011210
What is c8996 (base 13) in base 6?
11431412
What is 814840 (base 11) in base 6?
44021545
What is -1204972 (base 10) in base 13?
-332602
What is -202685 (base 12) in base 5?
-112031320
What is -b907 (base 16) in base 10?
-47367
What is -18a329 (base 12) in base 3?
-210222020020
Convert 151742 (base 8) to base 16.
d3e2
What is 4221431 (base 6) in base 5?
23031042
What is -1011121011201 (base 3) in base 14?
-122940
-113122144 (base 5) to base 7
-4264623
Convert -6245440 (base 7) to base 8.
-2672713
Convert 4200011424 (base 5) to base 8.
40622266
111110101011111101 (base 2) to base 3
111001012211
Convert 31110231032 (base 4) to base 15.
48ed0b
10001011111100000 (base 2) to base 6
1311412
-10000000011110001010 (base 2) to base 12
-214636
What is 201680 (base 9) in base 10?
119385
What is 20230133230 (base 4) in base 3?
11021210202101
Convert -504311 (base 6) to base 10.
-39859
Convert -100011100010110110 (base 2) to base 13.
-51363
-450377 (base 8) to base 16
-250ff
What is -794ab6 (base 15) in base 6?
-324012243
Convert 4335217 (base 8) to base 16.
11ba8f
What is 224655 (base 7) in base 5?
2240442
What is -13013411 (base 5) in base 14?
-33d58
What is -185801 (base 11) in base 9?
-475038
Convert -294d97 (base 15) to base 3.
-10202011001121
Convert 5930a (base 13) to base 9.
267646
What is 1931a7 (base 14) in base 13?
2530c5
What is -1593864 (base 10) in base 8?
-6051010
What is -93670 (base 10) in base 5?
-10444140
Convert -1101101001110101011 (base 2) to base 3.
-211201201111
What is -10cc38b (base 13) in base 16?
-4f4aef
Convert -1020101011100 (base 3) to base 4.
-2200120302
Convert -23435350 (base 6) to base 4.
-2303230302
Convert -7151774 (base 9) to base 8.
-16427670
What is 4243400012 (base 5) in base 6?
520055320
What is 3357254 (base 8) in base 2?
11011101111010101100
What is -a59a5 (base 11) in base 12?
-75339
-237888 (base 15) to base 13
-475073
What is 125721 (base 8) in base 2?
1010101111010001
200301211 (base 4) to base 13
49147
What is -1150664 (base 8) in base 11?
-1a6317
What is -200211002002 (base 3) in base 6?
-11534432
Convert -112021222 (base 3) to base 12.
-6045
1d2315 (base 15) to base 8
5337061
Convert 505262 (base 8) to base 14.
449c6
10133462 (base 9) to base 16
4a390c
1302536 (base 7) to base 4
221101010
253617 (base 9) to base 15
30797
Convert 1126062 (base 7) to base 4.
202200300
What is 11830 (base 16) in base 5?
4243403
-11320244 (base 5) to base 15
-20e34
Convert a7417 (base 12) to base 2.
110101101110010011
122013132110 (base 4) to base 9
13784382
What is 11022222122111 (base 3) in base 16?
2322be
Convert 3659908 (base 11) to base 2.
11000010010100000100110
1332a6a (base 13) to base 5
3021020133
1242550 (base 7) to base 3
22012222211
What is 1421550 (base 6) in base 12?
3a8b6
Convert 206408 (base 13) to base 3.
1102102122202
What is 2610852 (base 9) in base 4?
11123300300
What is 4052333 (base 6) in base 2?
101111010010000001
Convert 7b1d6d (base 14) to base 7.
50431466
b59886 (base 12) to base 14
5455b0
What is 249496 (base 10) in base 16?
3ce98
What is -511cd (base 14) in base 8?
-575201
Convert -1824220 (base 9) to base 4.
-3321002103
What is -120873 (base 15) in base 12?
-357199
Convert -12122120011 (base 3) to base 8.
-331161
What is -430c4 (base 14) in base 7?
-1243334
Convert 1355544 (base 7) to base 15.
38e2c
Convert 1101101011101011110 (base 2) to base 5.
103321400
-77a21 (base 16) to base 5
-111140032
-10011010110010110101 (base 2) to base 3
-1012012201212
Convert 613640 (base 11) to base 6.
33043250
-85513a (base 12) to base 2
-1000000001011101111110
What is -12261355 (base 10) in base 14?
-18b25d1
Convert 520106 (base 8) to base 3.
22202002011
What is -284936 (base 10) in base 13?
-9c902
What is -12710 (base 11) in base 9?
-26818
What is -6b96 (base 13) in base 11?
-10436
What is -53846 (base 10) in base 9?
-81768
Convert 1a0090 (base 11) to base 2.
1001011000101101000
What is 7e864 (base 16) in base 11?
324401
140417 (base 11) to base 15
45347
What is 23c0c7 (base 14) in base 15?
1929ee
2364281 (base 10) to base 7
26044643
What is -13241756 (base 9) in base 13?
-147506a
What is -32332352 (base 6) in base 16?
-ea98c
Convert 1501630 (